 be (-6)/(-4)*140/6. Let z(s) be the second derivative of 2*s**3/3 + 33*s**2/2 - 29*s - 1. Let h be z(-7). Calculate the highest common divisor of u and h.
5
Let o(i) = 22*i + 96. Let b be o(6). Let q be 68/782 + b/23. Let c = -153 + 263. What is the highest common divisor of q and c?
10
Let q = -548 - -582. Let b be 2/((-4)/6) - -7. Let w be b/(-14) - 6432/(-21). Calculate the highest common divisor of q and w.
34
Suppose 832 = -0*b + 8*b. Let k = 167 - b. Suppose -3*m + 4 + 59 = 0. Calculate the greatest common divisor of m and k.
21
Suppose 4*m - 539 - 829 = 0. Suppose -6*i + m = -132. Let c = i - 37. Calculate the greatest common factor of 14 and c.
14
Let o be ((-14)/4)/((-7)/14). Suppose 2*w - 843 = -7*i - 422, -239 = -3*i + 5*w. Calculate the highest common divisor of i and o.
7
Let m be (3 - -3 - -1)*3. Suppose 0 = 11*p + m*p - 640. What is the greatest common divisor of 500 and p?
20
Let c be ((-35750)/165)/((-1)/54). Calculate the highest common divisor of 12 and c.
12
Let d be 150787/39 + 4/6. Suppose d - 507 = 4*r. Let c be (r/100)/(3/100). Calculate the highest common factor of 112 and c.
56
Let m = -193 - -261. Let i = -1685 - -1787. What is the highest common divisor of i and m?
34
Let s be (-3534)/(-36) + 1/(-6). Suppose 13*h = 110 + s. Let l(j) = -57*j - 1. Let w be l(-1). What is the greatest common divisor of h and w?
8
Let m = 19865 + -19335. What is the highest common factor of m and 9805?
265
Let h(x) = 2*x - 30. Let b be h(16). Suppose 4*f = -5*q + 2791, -3*f = b*f - 2*q - 3530. What is the greatest common factor of f and 64?
64
Let s = 189 - -228. Let b = 419 - s. Calculate the highest common factor of b and 134.
2
Let a = -129 + 220. Let g = a - 87. Suppose -3*l + 5*x + 67 = 0, -3*l - 2*l - 2*x + 60 = 0. Calculate the highest common divisor of g and l.
2
Let x(s) = -s**3 - 7*s**2 - 12*s - 11. Let a be x(-3). Let m be (-1 - (-294)/77) + (-2)/a. Calculate the highest common factor of 39 and m.
3
Let a = -2176 - -2189. Calculate the greatest common factor of a and 8411.
13
Let n = -367 + 374. Suppose 0 = 3*u - n*d + 5*d - 7, -2*u = 3*d - 9. Let o be 0/1 - -14 - -1. What is the highest common divisor of u and o?
3
Let n = 90 - 85. Suppose -n*b + 70 = -5*j, 0 = -5*b - 72*j + 71*j + 100. Let m be (-11)/(-1 + (-36)/(-38)). What is the greatest common factor of m and b?
19
Suppose 296 = 10*o + 46. Suppose -b = -w - 85, -o = -5*w - 0*w. Calculate the highest common divisor of b and 18.
18
Suppose 118104*j = 118096*j + 384. Calculate the greatest common factor of 4056 and j.
24
Let m be (6/4)/((-6)/(-8)). Suppose -34 = 5*u + m*q, 5*u + 19 = q - 9. Let t be (-7)/((u/3)/2). Calculate the highest common factor of 49 and t.
7
Let k = 12449 + -12413. What is the highest common divisor of k and 412?
4
Suppose 5*d - 87 = -17. Let u(x) = -x + 35. Let f be u(d). Let g = 25 - f. Calculate the greatest common divisor of g and 1.
1
Let f = -37927 - -37943. Let h = 1 + 2. Suppose 2 = h*y + 2*x - 2, 3*y - 5*x - 11 = 0. What is the highest common factor of f and y?
2
Suppose 0 = -n - 3*m - 2 + 25, 0 = 4*m - 8. Suppose -43 - 65 = -6*g. Suppose 0 = -g*x + 14 + 1516. Calculate the greatest common factor of x and n.
17
Suppose -5*m = 6*m + 22. Let i(s) = -2*s**3 + 2*s**2 - 5*s - 12. Let x be i(m). What is the highest common factor of 66 and x?
22
Suppose -16*f + 138 = -566. Suppose f*v + 301 = 1753. What is the highest common divisor of 143 and v?
11
Let r(t) = 167*t + 246. Let i be r(3). What is the greatest common divisor of i and 664?
83
Let a(l) = -11*l + 1737. Let v be a(108). Calculate the greatest common divisor of v and 12261.
183
Suppose -4*g = -44*g + 19720. Calculate the highest common factor of 116 and g.
29
Let t be -2 - -6 - (-3 - 64) - 2. Suppose -t = 2*y - 105. Calculate the greatest common factor of 102 and y.
6
Suppose -197 = -11*n - 98. Let m = 93 - 48. What is the greatest common divisor of m and n?
9
Let j(a) = a**2 - 81*a - 236. Let w be j(84). Calculate the greatest common factor of 10576 and w.
16
Let q(d) = 7*d**2 - 77*d + 2. Let j be q(11). Suppose 0 = j*o - 5*o + 15. What is the greatest common divisor of o and 205?
5
Let a(c) = -85*c. Let v be a(4). Let z = 350 + v. What is the greatest common divisor of z and 25?
5
Suppose 0 = 4*o - 2*r - 2800, -4*r = 8*o - 6*o - 1400. What is the highest common divisor of o and 730?
10
Let j be 14 + (75/50 - 1/2). Suppose j*p - 792 = 4*p. Calculate the highest common factor of 60 and p.
12
Suppose 3*z - 3*b = 15, -4*z + 5*z = -3*b - 11. Let s be (z + 1)/(-3*(-4)/42). Calculate the greatest common divisor of 4 and s.
1
Let i(t) = -t + 5. Let r be i(-5). Let n = 11994 + -11974. What is the highest common divisor of r and n?
10
Suppose -4*x = y - 2049, 4*x - 2107 + 70 = -5*y. Let g = 519 - x. Calculate the highest common divisor of g and 222.
6
Suppose 0 = 3*u - 84 + 21. Let p = 287 - 266. Let o = 42 + p. Calculate the highest common divisor of o and u.
21
Let g = -1358 - -2054. Calculate the greatest common factor of g and 48.
24
Suppose -6208 = -20*k + 2752. What is the greatest common divisor of k and 28?
28
Let p(y) = 860*y + 130. Let o be p(6). Calculate the greatest common factor of 10 and o.
10
Suppose 4*m - 3*m - 3*f - 40 = 0, 4*m = 5*f + 202. Calculate the greatest common divisor of 87 and m.
29
Suppose 6134 - 7084 = -19*d. What is the greatest common factor of d and 980?
10
Let h = -223 - -373. Suppose 5*s = -3*g + h, -2*g + 69 = 4*s - 33. What is the highest common factor of 90 and g?
45
Let a(b) = -762*b + 75. Let k be a(-2). Let h = k - 806. What is the greatest common factor of 61 and h?
61
Suppose 3*m - 381 = -4*b, 10*b - 5*m = 14*b - 371. Calculate the highest common divisor of b and 319.
11
Let v(q) = -5*q + 5. Let n be v(0). Let b = 5 - n. Suppose -5*s + 2*j + 29 - 1 = b, 4*j = -5*s + 4. What is the highest common divisor of s and 4?
4
Let k = -24 + 34. Suppose r - g = 2*g + k, 0 = 5*r + 3*g - 32. Suppose 0 = r*f + 1 - 8. What is the greatest common factor of f and 3?
1
Let g(x) = 2140*x - 498. Let l be g(2). Calculate the highest common divisor of 62 and l.
62
Let p be ((-510)/8)/(57/(-1520)). Calculate the highest common factor of 500 and p.
100
Suppose -2*x + 75 = 4*r + 39, 4*r + 144 = 4*x. Calculate the highest common divisor of 546 and x.
6
Let v be 116 + 6/7*980/210. What is the greatest common divisor of 1880 and v?
40
Let g = -3142 - -3205. What is the greatest common divisor of 333 and g?
9
Suppose 4*a + 260 = -4*k, 5*a - 5*k + 238 = -47. Let j = a + 69. Suppose 3*p - j*p + 15 = 0. What is the greatest common factor of p and 33?
3
Let n(x) = x - 21. Let c = -75 - -158. Suppose 5*h = -c + 198. Let b be n(h). What is the highest common divisor of 4 and b?
2
Suppose -434*d + 436*d = 24. Suppose 4*k - d*k = -464. Calculate the highest common factor of k and 232.
58
Suppose -5071*d + 5077*d = 14070. What is the greatest common divisor of d and 35?
35
Suppose 36*a - 150 + 42 = 0. Suppose -a*o + 132 = -o + 3*k, -4*o + k + 292 = 0. Calculate the greatest common divisor of 24 and o.
24
Let q be 472671/609 - (-1 + 30/14). What is the greatest common divisor of 217 and q?
31
Let r(q) = 13*q**2 - 1233*q - 2. Let f be r(95). Calculate the highest common factor of f and 517.
47
Let b(k) = 2*k**2 + 14*k + 20. Let a be b(-5). Suppose 25*g - 6*g - 209 = a. What is the greatest common divisor of 77 and g?
11
Let r = -8095 + 8135. Calculate the highest common divisor of 15 and r.
5
Suppose 2*s - i - 62 = 0, -2*s = -7*s + i + 152. Let u = 306 + -301. Suppose u*z = 4*c - 48 + 5, -4*c + 53 = 5*z. What is the highest common divisor of c and s?
6
Let c(h) = -2*h**2 - 106*h - 544. Let k be c(-47). What is the greatest common divisor of 16 and k?
4
Let x(n) = n**3 + 5*n**2 - 5*n - 10. Let l be x(-6). Let c be 520/l*18/(-15). What is the highest common divisor of c and 65?
13
Suppose 1501 + 1423 = 5*a + 3*n, 2*a - 1178 = -4*n. What is the greatest common divisor of a and 44?
11
Let n(d) = -8 + 248*d + 54*d**2 - 499*d + 255*d. Let o be n(2). Calculate the highest common factor of 16 and o.
8
Suppose 8*s + 36 = 11*s. Let f be 7/(-4 + 52/s). What is the highest common factor of f and 231?
21
Let u(z) = z**2 - 6*z - 15. Let x be u(9). Suppose -5*m - x = -47. Let s be 836/m - ((-76)/(-14